hat is k(-39)?
-129
Let h(c) = -3*c**3 + 2127*c**2 - 152606*c + 1266. Calculate h(628).
10
Let m(h) = -360*h**2 + 49507*h + 23877. What is m(138)?
3
Let p(x) = 2*x**3 + 84*x**2 - 71*x - 6272. Give p(-41).
1
Let k(h) = -46601*h - 372921. Determine k(-8).
-113
Let u(k) = 8*k**3 - 776*k**2 - 12*k + 1098. What is u(97)?
-66
Let v(w) = -w**3 - 43*w**2 - 201*w - 487. Give v(-38).
-69
Let h(a) = -384964*a + 384956. Calculate h(1).
-8
Let d(q) = -q**3 - 214*q**2 + 594*q - 12420. What is d(-217)?
-51
Let r(f) = 32884*f - 230193. What is r(7)?
-5
Let o(d) = 1517*d - 10609. Give o(7).
10
Let q(l) = -65*l**2 - 19706*l + 76443. Calculate q(-307).
0
Let n(c) = c**3 - 46*c**2 - 3966*c + 26. What is n(-44)?
290
Let j(f) = 2*f**3 - 25*f**2 - 31*f + 327. Give j(15).
987
Let c(j) = 5*j**2 + 6533*j - 19533. What is c(3)?
111
Let a(p) = 6*p**2 - 425*p - 2859. What is a(77)?
-10
Let o(f) = 2*f**3 + 23*f**2 - 29*f + 615. Determine o(-14).
41
Let x(d) = 79995*d + 799832. Calculate x(-10).
-118
Let w(h) = 2*h**3 + 17*h**2 - 488*h - 79. Give w(12).
-31
Let r(a) = -565*a**2 - 83*a - 112. Give r(-3).
-4948
Let m(l) = -2*l**3 + 72*l**2 - 14*l + 555. What is m(36)?
51
Let j(u) = -5*u**3 + 46*u**2 - 223*u + 1395. Give j(8).
-5
Let j(m) = m**3 - 103*m**2 + 1271*m - 346. What is j(14)?
4
Let l(a) = -1380*a + 21601. Calculate l(13).
3661
Let t(w) = -8*w**3 - w**2 + 63*w + 2491. Calculate t(0).
2491
Let q(b) = -4754*b - 2305682. Give q(-485).
8
Let s(l) = 17*l**3 - 2*l**2 + 4155*l - 1. Determine s(0).
-1
Let d(p) = 627*p**2 - 417580*p - 1314. Calculate d(666).
18
Let m(z) = -12*z**3 - 4*z**2 - 23*z - 86. Determine m(-4).
710
Let f(h) = -1235*h**2 + 20990*h + 95. Calculate f(17).
10
Let q(u) = -6343*u + 1915578. Determine q(302).
-8
Let j(k) = 1024*k - 24457. Determine j(24).
119
Let v(c) = 7*c**2 + 562*c + 12257. What is v(-21)?
3542
Let z(s) = 3*s**3 - 2*s**2 - 28*s - 30. What is z(-4)?
-142
Let t(y) = 3933*y - 7628. Give t(3).
4171
Let u(d) = -d**3 + 415*d**2 + 12365*d + 17286. Determine u(443).
9
Let d(b) = b**3 + 78*b**2 - 8*b - 607. What is d(-78)?
17
Let k(a) = -5*a**2 + 3097*a - 193239. Determine k(549).
9
Let c(u) = 2641*u**2 - 21129*u + 12. Determine c(8).
4
Let s(h) = 37*h**2 + 72*h - 45. Give s(2).
247
Let f(x) = -7346*x - 339. What is f(0)?
-339
Let m(t) = -523*t + 3214. Give m(9).
-1493
Let x(h) = h**2 + 209450*h + 4397989. What is x(-21)?
-20
Let k(o) = 26065*o + 312784. Determine k(-12).
4
Let y(s) = 6*s**3 - 855*s**2 - 421*s - 1128. Give y(143).
16
Let y(z) = -11429*z**2 - 651454*z + 81. What is y(-57)?
138
Let x(f) = 20015*f - 200238. Determine x(10).
-88
Let n(j) = j**3 + 105*j**2 - 39*j + 578. Give n(0).
578
Let l(u) = -u**3 + 535*u**2 - 3473*u - 1200483. Determine l(524).
1
Let u(q) = 963*q + 10583. What is u(-13)?
-1936
Let x(t) = t**2 - 3250*t - 58808. Give x(-18).
16
Let n(a) = 449505*a - 3146501. Determine n(7).
34
Let n(z) = -100*z**3 - z**2 - 4*z + 11. Give n(2).
-801
Let m(x) = 4*x**3 - 14*x**2 - 740*x - 7. What is m(-12)?
-55
Let l(t) = 474*t**2 + 7033*t + 7032. Calculate l(-1).
473
Let m(u) = -u**3 + 21*u**2 + 113*u - 1423. What is m(23)?
118
Let w(r) = 8*r**2 + 472*r - 1454. Give w(3).
34
Let k(c) = 51*c**2 - 2646*c + 15974. Determine k(6).
1934
Let h(c) = c**2 - 326*c - 9426. Calculate h(-27).
105
Let g(t) = 261*t**2 + 930*t - 533. Give g(-4).
-77
Let s(z) = -712*z - 19968. What is s(-26)?
-1456
Let p(u) = -2*u**3 - 35*u**2 + 562*u - 89. What is p(10)?
31
Let k(h) = -5836*h - 50255. What is k(-9)?
2269
Let r(i) = 28*i**2 - 2*i + 48. Calculate r(5).
738
Let d(o) = -o**3 - 188*o**2 - 4913*o - 27327. What is d(-158)?
7
Let s(c) = -3*c**2 - 38*c + 1621. Give s(18).
-35
Let j(r) = -481*r - 240897. Calculate j(-501).
84
Let m(i) = 221*i - 79347. Calculate m(359).
-8
Let y(g) = 500*g + 52033. Determine y(-104).
33
Let q(l) = -7*l**2 - 1039*l + 36852. Give q(-178).
6
Let p(r) = 2*r**2 + 232*r - 32476. Determine p(82).
-4
Let r(u) = -1734*u**2 - 83*u - 86. Determine r(-1).
-1737
Let k(d) = -d**3 + 415*d**2 + 1184*d + 29254. Determine k(418).
-6
Let c(m) = -157137*m - 785689. Give c(-5).
-4
Let b(t) = -2*t**2 + 467*t - 27242. What is b(120)?
-2
Let z(j) = -114*j + 4773. Calculate z(42).
-15
Let h(b) = b**3 - 19*b**2 - 67*b + 661. Calculate h(18).
-869
Let c(r) = 20318*r - 61412. Calculate c(3).
-458
Let w(n) = -2*n**2 + 159*n + 611. What is w(75)?
1286
Let k(x) = -1410*x - 23974. Calculate k(-17).
-4
Let n(h) = 316*h - 3918. What is n(12)?
-126
Let v(n) = -49015*n + 5097559. Determine v(104).
-1
Let i(w) = -3*w**2 - 366*w + 11671. Determine i(-148).
127
Let y(n) = -73*n**2 + 1074*n + 93. Give y(16).
-1411
Let q(i) = -22*i**2 + 1257*i - 3575. Determine q(3).
-2
Let p(g) = -g**3 - 47*g**2 + 23010*g + 3. Calculate p(130).
3
Let p(a) = a**3 - 13*a**2 + 651*a + 3699. What is p(-5)?
-6
Let b(j) = -j**3 + 6*j**2 + 92989*j - 650903. What is b(7)?
-29
Let d(g) = -129587*g - 9330266. Determine d(-72).
-2
Let c(y) = -5379*y + 199054. Determine c(37).
31
Let y(d) = -15*d**2 - 1723*d - 1726. Determine y(-1).
-18
Let p(m) = m**2 + 2654*m - 105373. Calculate p(39).
-346
Let k(g) = -121*g + 14923. Give k(121).
282
Let g(l) = -l**3 - 109*l**2 + 2206*l + 1373. What is g(18)?
-67
Let z(k) = -1106*k - 269476. What is z(-244)?
388
Let u(p) = 3*p**3 - p**2 - 771*p - 1519. Calculate u(-2).
-5
Let p(g) = -5*g**2 + 173*g - 165. What is p(1)?
3
Let w(b) = -26*b**2 - 230*b + 905. Determine w(3).
-19
Let g(z) = -z**3 - 79*z**2 + 596*z + 53127. What is g(-78)?
555
Let f(m) = -2*m**3 - 18*m**2 - 335*m - 1466. What is f(-5)?
9
Let r(z) = -7505*z - 22483. Determine r(-3).
32
Let k(h) = -37*h**2 - 2765*h - 106. Give k(-75).
-856
Let c(b) = b**3 + 15*b**2 - 103*b - 306. What is c(-20)?
-246
Let f(k) = 296907*k - 3859784. Determine f(13).
7
Let m(a) = -5*a**3 - 7*a**2 + 32*a + 137. Give m(-4).
217
Let l(d) = 1755*d + 5504. Calculate l(-4).
-1516
Let h(m) = m**2 - 2147*m + 86335. What is h(41)?
-11
Let k(s) = -39412*s**2 - 1064122*s + 29. Calculate k(-27).
-25
Let i(r) = 59*r - 418. Determine i(-7).
-831
Let b(j) = -j**2 - 30540*j - 1950469. What is b(-64)?
-5
Let d(s) = 2*s**2 + 979*s + 96738. What is d(-352)?
-62
Let d(z) = z**3 - 13*z**2 - 856*z + 12888. Calculate d(27).
-18
Let y(o) = -4408*o - 132324. What is y(-30)?
-84
Let t(b) = 4*b**3 + 2085*b**2 - 14783*b - 52. Calculate t(7).
4
Let v(s) = s**3 + 22*s**2 - 235*s - 23. Calculate v(-30).
-173
Let n(a) = -7675*a - 53542. Determine n(-7).
183
Let v(o) = -o**3 - 14*o**2 + 551*o - 84. Give v(-30).
-2214
Let n(f) = -15977*f + 271579. Determine n(17).
-30
Let n(f) = 2*f**3 + 2*f**2 - 29*f + 42. Determine n(2).
8
Let r(t) = -494600*t - 46986989. Determine r(-95).
11
Let s(c) = 13675*c - 464990. Calculate s(34).
-40
Let c(y) = y**2 + 382*y - 4453. What is c(-394)?
275
Let c(g) = -60*g**2 + 6023*g - 151081. What is c(49)?
-14
Let g(x) = 3*x**3 + 15*x**2 + 601*x + 3738. What is g(-6)?
24
Let w(j) = 827*j + 3785. What is w(-4)?
477
Let k(b) = b**2 - 4*b + 1519. What is k(27)?
2140
Let w(o) = -227*o**2 + 3588*o + 12. Give w(16).
-692
Let s(t) = 14*t**3 - 72*t**2 + 10*t - 24. Give s(5).
-24
Let i(c) = c**2 + 67*c - 3093. What is i(35)?
477
Let h(a) = -7*a**2 + 1726*a + 209071. Determine h(-89).
10
Let h(s) = -21*s**2 - 266*s + 3098. What is h(-20)?
18
Let u(r) = 25*r**3 + 401*r**2 + 64*r + 1. What is u(-16)?
-767
Let y(c) = c**3 - 18*c**2 + 127*c - 999. Determine y(14).
-5
Let k(a) = a**3 + 225*a**2 + 12056*a + 445. Determine k(-137).
445
Let p(v) = v**3 - 25*v**2 + 159*v - 108. Calculate p(9).
27
Let l(u) = 2*u**2 - 66*u - 57590. Determine l(187).
6
Let t(u) = u**2 - 3606*u - 98135. Give t(-27).
-44
Let r(x) = -12623*x - 88340. Calculate r(-7).
21
Let i(a) = -547*a**2 - 2169*a + 170. What is i(-4)?
94
Let s(n) = -3467*n - 1813235. Give s(-523).
6
Let g(s) = s**3 - 2*s**2 - 1382*s - 8326. Determine g(-6).
-322
Let k(b) = 30*b - 789. What is k(14)?
-369
Let j(n) = -1157*n + 35573. Give j(31).
-294
Let u(y) = -12892*y - 141747. Determine u(-11).
65
Let l(t) = -1648*t + 42994. Give l(26).
146
Let q(g) = 946*g - 7571. What is q(9)?
943
Let q(g) = -2530*g + 35415. Calculate q(14).
-5
Let r(o) = 184*o + 69. Give r(0).
69
Let s(x) = -x**2 - 110*x - 20. Calculate s(-109).
89
Let j(q) = 6*q**3 - 583*q**2 + 1238*q - 282. Give j(95).
3
Let p(y) = 9*y**2